- q**3/6 + 1127*q**2 - 1. What is g(-9)?
-64
Let i(t) = -t**2 - 6*t + 2. Let b be i(-6). Let u(z) = 2 + 4 - z - b. Let q be (1 + -1)*2/4 + (-1732 - -1732). What is u(q)?
4
Let j(f) = f**2 + f - 11. Let w = -3620 - -3614. Give j(w).
19
Let c(k) = k**3 + 12*k**2 + 15*k - 2. Let o = -70 - -59. What is c(o)?
-46
Let x(l) be the first derivative of l**2/2 + 12*l - 6. Let d be x(-9). Let i(p) = -d*p**3 - 4*p - 3*p**2 - 3 - 5*p**3 + 5*p**3 + 2*p**3. Determine i(-3).
9
Let o(x) be the first derivative of 2*x**2 + 12*x - 1093. What is o(7)?
40
Let i(v) = v**3 + 2*v**2 + 2*v. Let x(t) = -1 + 13*t**2 + 161*t + 0 + 0 - 300*t + 151*t + 22*t**3. Let r(z) = 6*i(z) - x(z). Calculate r(1).
-16
Suppose -p + k = 0, 0*k + 20 = 5*k. Let b(y) = -17*y + 138. Let i be b(8). Let j(m) = 4*m - 6 + 0*m**2 - p*m**2 + 5*m**i. Determine j(-6).
6
Let h = 1 - -2. Suppose -h*w + 0*w = -12. Let o(i) = 3*i**2 - 2*i + 2. Let x(r) = 19*r**2 - 15*r + 9. Let c(b) = 6*o(b) - x(b). Give c(w).
-1
Let p(j) be the second derivative of -j**4/24 + 13*j**3/6 + j**2 - 3*j. Let g(l) be the first derivative of p(l). Let n = 141 - 135. Calculate g(n).
7
Let a(t) = 2*t**2 + 8*t + 36. Let s = -62 + 56. Let i(x) = -x**2 - 4*x - 19. Let d(n) = s*a(n) - 11*i(n). Suppose 3*v - 7*v = 20. Calculate d(v).
-12
Let j(n) = -n**2 - 5*n - 1. Let b be (25*12/90)/(10/75). Suppose 16*d + 2*v + 8 = 12*d, 5*d - 5*v + b = 0. Calculate j(d).
5
Suppose 114 = -7*k + 65. Let j(w) = -2*w**2 + 62*w - 70*w + 11 - 6. Give j(k).
-37
Let f(u) = -175 - 165 + 335 + u**2 - 10*u. Give f(10).
-5
Suppose -24*v + 9 = 81. Let q(r) = r**3 + 2*r**2 + 9*r + 8. What is q(v)?
-28
Let v(n) = -10 + 25*n - 2295*n**2 + 2301*n**2 - 2. Give v(-5).
13
Suppose -18*i = -17 - 37. Suppose i*g = 4*p + 11, 2 = 4*g - 5*p + 6*p. Let v(a) be the third derivative of a**6/40 + a**5/60 + a**2. Determine v(g).
4
Let r(m) = -16*m + 12 + 18*m + 3*m**2 + 5*m. Let l be r(-5). Suppose 2*v - 60 = -l. Let z(x) = -2*x. Give z(v).
-8
Let z(r) be the third derivative of -r**5/60 + r**4/12 - r**3/6 - r**2. Suppose -2*o = 5*h - 3811, -5*h + 3808 = 3*o - 2*o. Let x = 762 - h. Give z(x).
0
Let l(x) = x**2. Let w(a) = -12*a + 14. Let h(q) = l(q) - w(q). Calculate h(-12).
-14
Let q(b) = b**2 + 23*b - 27. Suppose -147*f = -411 + 3057. Give q(f).
-117
Suppose 4*c + 24*u = 29*u + 55, 3*c = 9*u + 78. Let w(s) = -s**3 + 2*s**3 + 6*s**2 + 0*s**3 - 2 - 2*s**3 - 6*s. Calculate w(c).
-7
Let x(j) = -j**2 + 10*j + 237. Let l(t) = 3*t**2 - 11*t - 237. Let a(o) = 2*l(o) + 3*x(o). Let m(n) be the first derivative of a(n). Determine m(-5).
-22
Let w(o) = -77*o + 546. Let c be w(7). Let r(f) = f**2 - 6*f + 14. What is r(c)?
21
Let q(s) = -s - 8. Let r be q(-17). Suppose -119 = 2*j - r*j. Let i(u) = -j*u + 1 + 13*u + 5*u + 4*u. Determine i(1).
6
Let l(h) be the third derivative of -h**6/120 - 3*h**5/20 + h**4/24 - 7*h**3/6 + 3*h**2. Let i be (-2)/4 - 85/10. Calculate l(i).
-16
Let w be 3 + (-92)/4 + 16. Let p(o) = -3 - o + 0*o - 7. Calculate p(w).
-6
Let t(r) = r**2 - 7*r + 2. Let n be t(9). Let z(c) = -n - 20 + 9*c - 8*c + 33. Calculate z(-5).
-12
Let n(w) be the third derivative of -w**6/45 + w**5/60 - w**4/24 + 7*w**3/6 + 63*w**2. Let v(z) be the first derivative of n(z). Calculate v(1).
-7
Suppose q - 6 = p, -23*q + 24*q + 3*p + 14 = 0. Let h(c) be the second derivative of 0*c**2 - 16*c + 0 - 13/6*c**3. Give h(q).
-13
Let l(r) = r**3 + 34 + 56*r**2 + 2 + 0*r**3 - 71*r**2 + 11*r. Let k be l(14). Let q(c) = -c**2 + 2*c**3 - c - c**3 - c**2 + 8*c**2 + 1. Determine q(k).
7
Suppose 3*x + 1 = 4*k + 2*x, -5 = x. Let b(c) be the first derivative of 7*c**4/2 + 2*c**3/3 + c**2 + c + 5. What is b(k)?
-13
Suppose 0 = d + 8, 179*d - 182*d = 5*r + 14. Let j(k) = 16*k**2 + k - 6. What is j(r)?
60
Let m be (-6)/4 - 12/8. Let j(d) = -d**2 + 7*d + 11. Let z be j(8). Let w(l) = -389*l - l**z - 5*l**2 + 0*l**2 + 385*l + 1. Determine w(m).
-5
Let w(r) = 0*r - 1 - 3*r + 3 - 4*r. Let k(a) = 8*a - 3. Let x(i) = -6*k(i) - 7*w(i). Let z be 2/2*-3 + -1. Calculate x(z).
0
Let u(r) = -r**3 - 23 + 33 - 44 + 58 - 45 + 8*r**2 + 6*r. What is u(8)?
27
Let h(p) = -4*p + 21. Let g(n) = n**3 - 13*n + 62. Let k(t) = 2*g(t) - 7*h(t). Give k(0).
-23
Let o(f) be the third derivative of f**4/8 - f**3/6 - 28*f**2. Let z(p) = -18*p + 6. Let t(c) = 11*o(c) + 2*z(c). Calculate t(-1).
4
Let p(i) = -424*i - 468. Let w(o) = 79*o + 93. Let k(x) = -3*p(x) - 16*w(x). Give k(9).
-12
Let d(f) = -4*f - 3. Suppose 25*q = 168 - 43. Let k be q + -2 + -3 - -3. Give d(k).
-15
Let u(w) be the third derivative of w**5/60 + w**4/4 + w**3 + 14*w**2. Let b be (-2)/(-4)*(-28 + 7 + 7). Give u(b).
13
Let j(q) = -q - 1. Let l(s) = s**3 + 35*s**2 + 5*s + 75. Let f be l(-35). Let b = -108 - f. What is j(b)?
7
Let m(f) be the first derivative of -f**4/6 - f**3/6 - 32*f**2 - 55. Let h(b) be the second derivative of m(b). Determine h(5).
-21
Let k(j) = 4*j + 1. Suppose -18*c - 5 = -23*c. Let n be c*-5*(-6)/(-10). Let g be -7*((-92)/(-28) + n). Determine k(g).
-7
Let d(f) = 2*f**2 - 53*f + 260. Let j be d(5). Let c be j/15*(-10)/6. Let u(a) = -a**3 - 4*a**2 + 2*a - 2. Give u(c).
13
Let s(h) = h**2 - 3*h - 15. Let b(w) = 2*w**3 + 4*w + 22. Let c(t) = b(t) + s(t). Give c(4).
155
Suppose -m - 14 + 15 = 0. Suppose 5*n - m = -2*x + 3, 2*n + 10 = 5*x. Suppose 28*l - 30*l - 4 = n. Let k(j) = 3*j + 3. Determine k(l).
-3
Let f(n) = -25*n + 6*n + 13*n - 3 - 4 - 8. What is f(-2)?
-3
Suppose -16 = y + 2*k - 7*k, -3*y + 12 = 5*k. Let z(c) be the second derivative of 0*c**2 + 0 + 19*c - 11/6*c**3. Calculate z(y).
11
Let w(s) be the second derivative of -2*s**3/3 + 3*s**2/2 - 5*s. Suppose 158 + 106 = 132*a. Calculate w(a).
-5
Let c(o) = -4*o + 34. Let t(q) = 13*q - 118. Let r(m) = 10*c(m) + 3*t(m). Determine r(-27).
13
Let f(t) = 106*t + 80. Let g(q) = -14*q - 10. Let h(s) = 15*f(s) + 115*g(s). Give h(4).
-30
Let f(v) = -v**3 + 15*v**2 + 17*v - 22. Let b = -5673 + 5689. Calculate f(b).
-6
Suppose -15*m + 42 = -8*m. Let g(a) = a**2 + a - 45. Let w be g(m). Let b(i) = 3 + 2*i - 1 + i + i**2 - 1. What is b(w)?
1
Let f(s) = -43*s + 11. Let x(d) = 2*d - 1. Let q(l) = -4*f(l) - 84*x(l). Calculate q(-5).
20
Suppose -3*g = 4*n - 37, -4*g - 44 = -222*n + 218*n. Let l(q) = -q**3 + 12*q**2 - 19*q - 14. What is l(n)?
-4
Let j(a) = a**3 + 9*a**2 + 16*a - 7. Let l be -13*(-72)/(-156)*(-1)/(-2). Calculate j(l).
-1
Let i(q) = 20*q + 17. Let o(t) = 4*t + 2. Let c(l) = -l. Let v(n) = -3*c(n) - 2*o(n). Let y(d) = 2*i(d) + 9*v(d). Determine y(3).
-17
Suppose 3*m + 10 = -9*l + 58, -2*l - 4*m + 14 = 0. Let n(u) = u**3 - 2*u**2 - 7*u + 4. Calculate n(l).
44
Let n(c) = 331*c**3 - 3*c - 330*c**3 + 10 + 9 + 8*c**2. Let g be n(-8). Suppose -88 = 5*i - g. Let m(u) = u**3 + 10*u**2 + 11*u + 11. Give m(i).
-7
Let w be 485/(-20) - ((-3)/44 - 62/341). Let a(u) = u**2 + 25*u + 2. Give a(w).
-22
Let s(z) be the second derivative of 5*z**4/12 + 11*z**3/6 - 4*z**2 + 4460*z. What is s(4)?
116
Let p(w) = -18*w**3 + 3*w + 17*w**3 - 9*w**2 + 2*w - 12 + 6 + 13*w**2. Suppose 4*c + 54 = 2. Let m = c + 18. Give p(m).
-6
Let w(g) = -g**3 + 6*g**2 - 3. Let b = 339 - 74. Suppose -4*s - b = 3*o, 4*s - 3*o - o = -244. Let h = -58 - s. Determine w(h).
-3
Let m(a) be the first derivative of -2/3*a**3 + 6 - 2*a + 3/2*a**2. What is m(3)?
-11
Suppose -17*j - 3*n = -22*j - 46, 5*j + n + 18 = 0. Let i(m) = m**3 + 5*m**2 - 8*m - 32. Give i(j).
8
Suppose 5*w + 25 = -3*c, 3*c + 73*w = 77*w - 88. Let y(x) = x + 42. Calculate y(c).
22
Let l(q) be the second derivative of -q**6/720 - q**5/60 + q**4/2 - q**2/2 - 100*q. Let h(i) be the third derivative of l(i). What is h(3)?
-5
Suppose 0 = k - d + 1, 3*k = 5*k + 3*d + 12. Let v(h) = -5 - 2*h + 2 - 9*h - 11*h + 14*h. Calculate v(k).
21
Let q = 248 - 245. Let b(i) = 277*i**2 - 285*i**2 + 12*i + 4 + 0*i**3 - 5*i**3 + 4*i**q. Give b(-9).
-23
Let c(b) = -3*b - 5. Let i(g) be the first derivative of -7*g**2/2 - 11*g - 194. Let k(n) = 13*c(n) - 6*i(n). Determine k(-1).
-2
Let r = -469 - -467. Let f(t) = -2 + 5*t - 3*t - t. Let h be f(r). Let a(g) = -2*g - 2. Determine a(h).
6
Suppose -p = -8*i - 51, -129*i + 130*i = -2*p - 17. Let q(c) = -c**3 - 4*c**2 - 2*c + 8. Give q(p).
43
Let l(x) = -x**2 - 2*x + 32. Let g be l(14). Let j = -185 - g. Let z(h) = h**3 - 6*h**2 - 5*h - 8. Determine z(j